{"id":3033,"date":"2019-04-16T11:54:20","date_gmt":"2019-04-16T10:54:20","guid":{"rendered":"https:\/\/www.altimara.eu\/blog\/?page_id=3033"},"modified":"2021-04-28T10:40:44","modified_gmt":"2021-04-28T09:40:44","slug":"publications","status":"publish","type":"page","link":"https:\/\/www.altimara.eu\/blog\/contact\/publications\/","title":{"rendered":"PubLICATIONS"},"content":{"rendered":"\n<p>Des fascicules, guides ou livres dans lesquels j&rsquo;ai \u00e9crit en partie ou en totalit\u00e9.<\/p>\n\n\n\n<figure class=\"wp-block-image\"><img data-recalc-dims=\"1\" loading=\"lazy\" decoding=\"async\" width=\"607\" height=\"865\" data-attachment-id=\"3034\" data-permalink=\"https:\/\/www.altimara.eu\/blog\/contact\/publications\/livre1-2\/\" data-orig-file=\"https:\/\/i0.wp.com\/www.altimara.eu\/blog\/wp-content\/uploads\/2019\/04\/livre1.jpg?fit=607%2C865&amp;ssl=1\" data-orig-size=\"607,865\" data-comments-opened=\"1\" data-image-meta=\"{&quot;aperture&quot;:&quot;0&quot;,&quot;credit&quot;:&quot;&quot;,&quot;camera&quot;:&quot;&quot;,&quot;caption&quot;:&quot;&quot;,&quot;created_timestamp&quot;:&quot;0&quot;,&quot;copyright&quot;:&quot;&quot;,&quot;focal_length&quot;:&quot;0&quot;,&quot;iso&quot;:&quot;0&quot;,&quot;shutter_speed&quot;:&quot;0&quot;,&quot;title&quot;:&quot;&quot;,&quot;orientation&quot;:&quot;1&quot;}\" data-image-title=\"livre1\" data-image-description=\"\" data-image-caption=\"\" data-large-file=\"https:\/\/i0.wp.com\/www.altimara.eu\/blog\/wp-content\/uploads\/2019\/04\/livre1.jpg?fit=607%2C865&amp;ssl=1\" src=\"https:\/\/i0.wp.com\/www.altimara.eu\/blog\/wp-content\/uploads\/2019\/04\/livre1.jpg?resize=607%2C865\" alt=\"\" class=\"wp-image-3034\" srcset=\"https:\/\/i0.wp.com\/www.altimara.eu\/blog\/wp-content\/uploads\/2019\/04\/livre1.jpg?w=607&amp;ssl=1 607w, https:\/\/i0.wp.com\/www.altimara.eu\/blog\/wp-content\/uploads\/2019\/04\/livre1.jpg?resize=211%2C300&amp;ssl=1 211w\" sizes=\"auto, (max-width: 607px) 100vw, 607px\" \/><figcaption>L&rsquo;histoire des charbonniers, les techniques, le sentier des charbonni\u00e8res de Ste Croix. De nombreuses photos et illustrations<br>Disponible \u00e0 l&rsquo;\u00e9picerie \u00ab\u00a0l&rsquo;Orkis\u00a0\u00bb Ste Croix de Quintillargues<br>10 \u20ac frais de port inclus pour la France suivant stock dispo ou sur commande fichier PDF 8 \u20ac<br><em>Commande via Contact barre \u00e0 droite<\/em>.<br><\/figcaption><\/figure>\n\n\n\n<div class=\"wp-block-image\"><figure class=\"aligncenter\"><img data-recalc-dims=\"1\" loading=\"lazy\" decoding=\"async\" width=\"436\" height=\"616\" data-attachment-id=\"3035\" data-permalink=\"https:\/\/www.altimara.eu\/blog\/contact\/publications\/pierre-seche\/\" data-orig-file=\"https:\/\/i0.wp.com\/www.altimara.eu\/blog\/wp-content\/uploads\/2019\/04\/pierre-seche.jpg?fit=436%2C616&amp;ssl=1\" data-orig-size=\"436,616\" data-comments-opened=\"1\" data-image-meta=\"{&quot;aperture&quot;:&quot;0&quot;,&quot;credit&quot;:&quot;&quot;,&quot;camera&quot;:&quot;&quot;,&quot;caption&quot;:&quot;&quot;,&quot;created_timestamp&quot;:&quot;0&quot;,&quot;copyright&quot;:&quot;&quot;,&quot;focal_length&quot;:&quot;0&quot;,&quot;iso&quot;:&quot;0&quot;,&quot;shutter_speed&quot;:&quot;0&quot;,&quot;title&quot;:&quot;&quot;,&quot;orientation&quot;:&quot;1&quot;}\" data-image-title=\"pierre seche\" data-image-description=\"\" data-image-caption=\"\" data-large-file=\"https:\/\/i0.wp.com\/www.altimara.eu\/blog\/wp-content\/uploads\/2019\/04\/pierre-seche.jpg?fit=436%2C616&amp;ssl=1\" src=\"https:\/\/i0.wp.com\/www.altimara.eu\/blog\/wp-content\/uploads\/2019\/04\/pierre-seche.jpg?resize=436%2C616\" alt=\"\" class=\"wp-image-3035\" srcset=\"https:\/\/i0.wp.com\/www.altimara.eu\/blog\/wp-content\/uploads\/2019\/04\/pierre-seche.jpg?w=436&amp;ssl=1 436w, https:\/\/i0.wp.com\/www.altimara.eu\/blog\/wp-content\/uploads\/2019\/04\/pierre-seche.jpg?resize=212%2C300&amp;ssl=1 212w\" sizes=\"auto, (max-width: 436px) 100vw, 436px\" \/><figcaption>Ouvrage collectif 2018<br>Disponible \u00e0 l&rsquo;\u00e9picerie \u00ab\u00a0l&rsquo;Orkis\u00a0\u00bb Ste Croix de Quintillargues<br>Commande au \u00ab\u00a0Collectif des Garrigues\u00a0\u00bb <br><a href=\"http:\/\/www.wikigarrigue.info\/wakka.php?wiki=EdiTion\" target=\"_blank\" rel=\"noreferrer noopener\" aria-label=\" (opens in a new tab)\">Cliquez ici<\/a><br><br><\/figcaption><\/figure><\/div>\n\n\n\n<div class=\"wp-block-image\"><figure class=\"aligncenter\"><img data-recalc-dims=\"1\" loading=\"lazy\" decoding=\"async\" width=\"426\" height=\"374\" data-attachment-id=\"3036\" data-permalink=\"https:\/\/www.altimara.eu\/blog\/contact\/publications\/capture-decran-2019-04-16-a-12-33-19\/\" data-orig-file=\"https:\/\/i0.wp.com\/www.altimara.eu\/blog\/wp-content\/uploads\/2019\/04\/Capture-d%E2%80%99e%CC%81cran-2019-04-16-a%CC%80-12.33.19.png?fit=426%2C374&amp;ssl=1\" data-orig-size=\"426,374\" data-comments-opened=\"1\" data-image-meta=\"{&quot;aperture&quot;:&quot;0&quot;,&quot;credit&quot;:&quot;&quot;,&quot;camera&quot;:&quot;&quot;,&quot;caption&quot;:&quot;&quot;,&quot;created_timestamp&quot;:&quot;0&quot;,&quot;copyright&quot;:&quot;&quot;,&quot;focal_length&quot;:&quot;0&quot;,&quot;iso&quot;:&quot;0&quot;,&quot;shutter_speed&quot;:&quot;0&quot;,&quot;title&quot;:&quot;&quot;,&quot;orientation&quot;:&quot;0&quot;}\" data-image-title=\"Capture d\u2019e\u0301cran 2019-04-16 a\u0300 12.33.19\" data-image-description=\"\" data-image-caption=\"\" data-large-file=\"https:\/\/i0.wp.com\/www.altimara.eu\/blog\/wp-content\/uploads\/2019\/04\/Capture-d%E2%80%99e%CC%81cran-2019-04-16-a%CC%80-12.33.19.png?fit=426%2C374&amp;ssl=1\" src=\"https:\/\/i0.wp.com\/www.altimara.eu\/blog\/wp-content\/uploads\/2019\/04\/Capture-d%E2%80%99e%CC%81cran-2019-04-16-a%CC%80-12.33.19.png?resize=426%2C374\" alt=\"\" class=\"wp-image-3036\" srcset=\"https:\/\/i0.wp.com\/www.altimara.eu\/blog\/wp-content\/uploads\/2019\/04\/Capture-d%E2%80%99e%CC%81cran-2019-04-16-a%CC%80-12.33.19.png?w=426&amp;ssl=1 426w, https:\/\/i0.wp.com\/www.altimara.eu\/blog\/wp-content\/uploads\/2019\/04\/Capture-d%E2%80%99e%CC%81cran-2019-04-16-a%CC%80-12.33.19.png?resize=300%2C263&amp;ssl=1 300w\" sizes=\"auto, (max-width: 426px) 100vw, 426px\" \/><figcaption>L\u2019Atlas des garrigues, regards crois\u00e9s<br> \u00c0  la d\u00e9couverte du territoire des garrigues sous toutes ses facettes. Une  cr\u00e9ation du Collectif des garrigues et les Ecologistes de l&rsquo;Euzi\u00e8re.<br><a href=\"http:\/\/librairie.euziere.org\/accueil\/1-latlas-des-garrigues-regards-croises-9782906128316.html\" target=\"_blank\" rel=\"noreferrer noopener\" aria-label=\"Comman (opens in a new tab)\">Comman<\/a><a href=\"http:\/\/librairie.euziere.org\/accueil\/1-latlas-des-garrigues-regards-croises-9782906128316.html\">de ici<\/a><\/figcaption><\/figure><\/div>\n\n\n\n<div class=\"wp-block-image\"><figure class=\"aligncenter\"><img data-recalc-dims=\"1\" loading=\"lazy\" decoding=\"async\" width=\"627\" height=\"887\" data-attachment-id=\"3037\" data-permalink=\"https:\/\/www.altimara.eu\/blog\/contact\/publications\/argues2-2\/\" data-orig-file=\"https:\/\/i0.wp.com\/www.altimara.eu\/blog\/wp-content\/uploads\/2019\/04\/argues2.jpg?fit=1240%2C1753&amp;ssl=1\" data-orig-size=\"1240,1753\" data-comments-opened=\"1\" data-image-meta=\"{&quot;aperture&quot;:&quot;0&quot;,&quot;credit&quot;:&quot;&quot;,&quot;camera&quot;:&quot;&quot;,&quot;caption&quot;:&quot;&quot;,&quot;created_timestamp&quot;:&quot;0&quot;,&quot;copyright&quot;:&quot;&quot;,&quot;focal_length&quot;:&quot;0&quot;,&quot;iso&quot;:&quot;0&quot;,&quot;shutter_speed&quot;:&quot;0&quot;,&quot;title&quot;:&quot;&quot;,&quot;orientation&quot;:&quot;0&quot;}\" data-image-title=\"argues2\" data-image-description=\"\" data-image-caption=\"\" data-large-file=\"https:\/\/i0.wp.com\/www.altimara.eu\/blog\/wp-content\/uploads\/2019\/04\/argues2.jpg?fit=627%2C887&amp;ssl=1\" src=\"https:\/\/i0.wp.com\/www.altimara.eu\/blog\/wp-content\/uploads\/2019\/04\/argues2-724x1024.jpg?resize=627%2C887\" alt=\"\" class=\"wp-image-3037\" srcset=\"https:\/\/i0.wp.com\/www.altimara.eu\/blog\/wp-content\/uploads\/2019\/04\/argues2.jpg?resize=724%2C1024&amp;ssl=1 724w, https:\/\/i0.wp.com\/www.altimara.eu\/blog\/wp-content\/uploads\/2019\/04\/argues2.jpg?resize=212%2C300&amp;ssl=1 212w, https:\/\/i0.wp.com\/www.altimara.eu\/blog\/wp-content\/uploads\/2019\/04\/argues2.jpg?resize=768%2C1086&amp;ssl=1 768w, https:\/\/i0.wp.com\/www.altimara.eu\/blog\/wp-content\/uploads\/2019\/04\/argues2.jpg?w=1240&amp;ssl=1 1240w\" sizes=\"auto, (max-width: 627px) 100vw, 627px\" \/><figcaption>\u00c9tude des villages aux suffixes -argues<br><br>Photocopies couleurs<br><br>Sur commande fichier PDF 8 \u20ac <a href=\"https:\/\/www.altimara.eu\/blog\/?page_id=143\" target=\"_blank\" rel=\"noreferrer noopener\" aria-label=\" (opens in a new tab)\">ici<\/a><\/figcaption><\/figure><\/div>\n\n\n\n<figure class=\"wp-block-image\"><img data-recalc-dims=\"1\" loading=\"lazy\" decoding=\"async\" width=\"627\" height=\"481\" data-attachment-id=\"3038\" data-permalink=\"https:\/\/www.altimara.eu\/blog\/contact\/publications\/capture-decran-2019-04-16-a-12-49-59\/\" data-orig-file=\"https:\/\/i0.wp.com\/www.altimara.eu\/blog\/wp-content\/uploads\/2019\/04\/Capture-d%E2%80%99e%CC%81cran-2019-04-16-a%CC%80-12.49.59.png?fit=801%2C614&amp;ssl=1\" data-orig-size=\"801,614\" data-comments-opened=\"1\" data-image-meta=\"{&quot;aperture&quot;:&quot;0&quot;,&quot;credit&quot;:&quot;&quot;,&quot;camera&quot;:&quot;&quot;,&quot;caption&quot;:&quot;&quot;,&quot;created_timestamp&quot;:&quot;0&quot;,&quot;copyright&quot;:&quot;&quot;,&quot;focal_length&quot;:&quot;0&quot;,&quot;iso&quot;:&quot;0&quot;,&quot;shutter_speed&quot;:&quot;0&quot;,&quot;title&quot;:&quot;&quot;,&quot;orientation&quot;:&quot;0&quot;}\" data-image-title=\"Capture d\u2019e\u0301cran 2019-04-16 a\u0300 12.49.59\" data-image-description=\"\" data-image-caption=\"\" data-large-file=\"https:\/\/i0.wp.com\/www.altimara.eu\/blog\/wp-content\/uploads\/2019\/04\/Capture-d%E2%80%99e%CC%81cran-2019-04-16-a%CC%80-12.49.59.png?fit=627%2C481&amp;ssl=1\" src=\"https:\/\/i0.wp.com\/www.altimara.eu\/blog\/wp-content\/uploads\/2019\/04\/Capture-d%E2%80%99e%CC%81cran-2019-04-16-a%CC%80-12.49.59.png?resize=627%2C481\" alt=\"\" class=\"wp-image-3038\" srcset=\"https:\/\/i0.wp.com\/www.altimara.eu\/blog\/wp-content\/uploads\/2019\/04\/Capture-d%E2%80%99e%CC%81cran-2019-04-16-a%CC%80-12.49.59.png?w=801&amp;ssl=1 801w, https:\/\/i0.wp.com\/www.altimara.eu\/blog\/wp-content\/uploads\/2019\/04\/Capture-d%E2%80%99e%CC%81cran-2019-04-16-a%CC%80-12.49.59.png?resize=300%2C230&amp;ssl=1 300w, https:\/\/i0.wp.com\/www.altimara.eu\/blog\/wp-content\/uploads\/2019\/04\/Capture-d%E2%80%99e%CC%81cran-2019-04-16-a%CC%80-12.49.59.png?resize=768%2C589&amp;ssl=1 768w\" sizes=\"auto, (max-width: 627px) 100vw, 627px\" \/><figcaption>La Garrigue et ses Hommes<br> La  garrigue fascine ses enfants de longue date et ses nouveaux habitants.  Elle est fille du travail des hommes autant qu\u2019elle l\u2019est des conditions  de sol et de climat.<br><br><em>J&rsquo;ai particip\u00e9 \u00e0 la relecture des textes sur les charbonni\u00e8res.<\/em><br><br><a href=\"http:\/\/librairie.euziere.org\/accueil\/54-la-garrigue-et-ses-hommes.html?search_query=la+garrigue+et+ses+hommes&amp;results=2\">Commande ici<\/a><\/figcaption><\/figure>\n","protected":false},"excerpt":{"rendered":"<p>Des fascicules, guides ou livres dans lesquels j&rsquo;ai \u00e9crit en partie ou en totalit\u00e9.<\/p>\n","protected":false},"author":3,"featured_media":0,"parent":143,"menu_order":-1,"comment_status":"closed","ping_status":"closed","template":"","meta":{"ngg_post_thumbnail":0,"jetpack_post_was_ever_published":false,"footnotes":""},"class_list":["post-3033","page","type-page","status-publish","hentry"],"jetpack_shortlink":"https:\/\/wp.me\/P4r91c-MV","jetpack_sharing_enabled":true,"jetpack-related-posts":[{"id":610,"url":"https:\/\/www.altimara.eu\/blog\/garrigues\/","url_meta":{"origin":3033,"position":0},"title":"GARRIGUES","author":"Martiou","date":"13 f\u00e9vrier 2014","format":false,"excerpt":"Pour trouver les posts du \"festival des charbonni\u00e8res\" et de \"la Grande E[pic] au Saint loup\" suivre les liens dans \"Mes Performances\", \u00e0 droite. Le site du Collectif des garrigues : http:\/\/www.wikigarrigue.info\/wakka.php?wiki=PagePrincipale L'inventaire des charbonni\u00e8res :\u00a0http:\/\/www.wikigarrigue.info\/collectif\/wakka.php?wiki=InventCharbo, Ce recensement s'applique dans l'ensemble de la r\u00e9gion des garrigues. Si vous connaissez des\u2026","rel":"","context":"Article similaire","block_context":{"text":"Article similaire","link":""},"img":{"alt_text":"livre1","src":"https:\/\/i0.wp.com\/www.altimara.eu\/blog\/wp-content\/uploads\/2014\/02\/livre1.jpg?resize=350%2C200","width":350,"height":200},"classes":[]},{"id":143,"url":"https:\/\/www.altimara.eu\/blog\/contact\/","url_meta":{"origin":3033,"position":1},"title":"CONTACT \/ INFO","author":"Martiou","date":"20 d\u00e9cembre 2013","format":false,"excerpt":"Martial ACQUARONE Pour m'\u00e9crire, utilisez la fiche contact dans la barre \u00e0 droite. Longtemps photographe de m\u00e9tier, paysagiste de c\u0153ur, j\u2019aime les vastes \u00e9tendues et essaye de transmettre la s\u00e9r\u00e9nit\u00e9 des lieux. Mais le monde a \u00e9t\u00e9 boulevers\u00e9 par les Hommes et leurs savoirs. Ceux-ci me passionnent et m\u2019ont fait\u2026","rel":"","context":"Article similaire","block_context":{"text":"Article similaire","link":""},"img":{"alt_text":"","src":"https:\/\/i0.wp.com\/www.altimara.eu\/blog\/wp-content\/uploads\/2013\/12\/carbonisacteur-titre.jpg?resize=350%2C200&ssl=1","width":350,"height":200,"srcset":"https:\/\/i0.wp.com\/www.altimara.eu\/blog\/wp-content\/uploads\/2013\/12\/carbonisacteur-titre.jpg?resize=350%2C200&ssl=1 1x, https:\/\/i0.wp.com\/www.altimara.eu\/blog\/wp-content\/uploads\/2013\/12\/carbonisacteur-titre.jpg?resize=525%2C300&ssl=1 1.5x, https:\/\/i0.wp.com\/www.altimara.eu\/blog\/wp-content\/uploads\/2013\/12\/carbonisacteur-titre.jpg?resize=700%2C400&ssl=1 2x"},"classes":[]},{"id":140,"url":"https:\/\/www.altimara.eu\/blog\/detente\/","url_meta":{"origin":3033,"position":2},"title":"JEUX","author":"Martiou","date":"20 d\u00e9cembre 2013","format":false,"excerpt":"Parce qu'il est possible d'agir contre le changement climatique tout en s'amusant, jouez au jeu vid\u00e9o Pixel Impact et faites entendre votre voix. Une charbonni\u00e8re \u00e0 un bilan carbon neutre car le CO2 d\u00e9gag\u00e9 par la carbonisation a \u00e9t\u00e9 absorb\u00e9 dans le cycle de vie de l'arbre. Aujourd'hui, dans le\u2026","rel":"","context":"Article similaire","block_context":{"text":"Article similaire","link":""},"img":{"alt_text":"","src":"","width":0,"height":0},"classes":[]},{"id":147,"url":"https:\/\/www.altimara.eu\/blog\/islande\/","url_meta":{"origin":3033,"position":3},"title":"ISLANDE","author":"Martiou","date":"21 d\u00e9cembre 2013","format":false,"excerpt":"L'\u00e9ruption en direct : \u00e9ruption Geldingadalur Fagradalsfjall Islande Photo d'un ami Islandais, Axel. Master coal, I always wanted for different reasons\u00a0to practice a cook to get carbon wood in Iceland. But in this windy area\u00a0of Gar\u00f0ur it seems it\u2019s impossible. Luckily the sea is everywhere in this end of the\u2026","rel":"","context":"Article similaire","block_context":{"text":"Article similaire","link":""},"img":{"alt_text":"","src":"https:\/\/i0.wp.com\/www.altimara.eu\/blog\/wp-content\/uploads\/2013\/12\/europe-islande.png?resize=350%2C200&ssl=1","width":350,"height":200,"srcset":"https:\/\/i0.wp.com\/www.altimara.eu\/blog\/wp-content\/uploads\/2013\/12\/europe-islande.png?resize=350%2C200&ssl=1 1x, https:\/\/i0.wp.com\/www.altimara.eu\/blog\/wp-content\/uploads\/2013\/12\/europe-islande.png?resize=525%2C300&ssl=1 1.5x, https:\/\/i0.wp.com\/www.altimara.eu\/blog\/wp-content\/uploads\/2013\/12\/europe-islande.png?resize=700%2C400&ssl=1 2x"},"classes":[]},{"id":1138,"url":"https:\/\/www.altimara.eu\/blog\/revue-de-presse\/","url_meta":{"origin":3033,"position":4},"title":"REVUE DE PRESSE","author":"Martiou","date":"26 d\u00e9cembre 2014","format":false,"excerpt":"Dans la presse hollandaise, journal Achterhoek 21 oct 2021 \u00a0 \u2022 Interview par Philippe Bertrand dans son \u00e9mission \"Carnets de Campagne\" de France Inter du 10 f\u00e9vrier 2020: https:\/\/www.franceinter.fr\/emissions\/carnets-de-campagne\/carnets-de-campagne-10-fevrier-2020 ou https:\/\/podcasts.apple.com\/fr\/podcast\/carnets-de-campagne\/id390465557 ou\u00a0 \u2022 L'H\u00e9raultais du jour, par Antoine Blain sur France Bleu H\u00e9rault, 28 novembre 2017: https:\/\/www.francebleu.fr\/emissions\/l-heraultais-du-jour-a-blin\/herault\/charbonnier-l-un-des-plus-vieux-metiers-du-monde-existe-encore-dans-l-herault \u2022 Une \u00e9mission\u2026","rel":"","context":"Article similaire","block_context":{"text":"Article similaire","link":""},"img":{"alt_text":"","src":"https:\/\/i0.wp.com\/www.altimara.eu\/blog\/wp-content\/uploads\/2021\/09\/Capture-de%CC%81cran-2021-09-01-a%CC%80-21.44.48.jpg?resize=350%2C200&ssl=1","width":350,"height":200,"srcset":"https:\/\/i0.wp.com\/www.altimara.eu\/blog\/wp-content\/uploads\/2021\/09\/Capture-de%CC%81cran-2021-09-01-a%CC%80-21.44.48.jpg?resize=350%2C200&ssl=1 1x, https:\/\/i0.wp.com\/www.altimara.eu\/blog\/wp-content\/uploads\/2021\/09\/Capture-de%CC%81cran-2021-09-01-a%CC%80-21.44.48.jpg?resize=525%2C300&ssl=1 1.5x"},"classes":[]}],"_links":{"self":[{"href":"https:\/\/www.altimara.eu\/blog\/wp-json\/wp\/v2\/pages\/3033","targetHints":{"allow":["GET"]}}],"collection":[{"href":"https:\/\/www.altimara.eu\/blog\/wp-json\/wp\/v2\/pages"}],"about":[{"href":"https:\/\/www.altimara.eu\/blog\/wp-json\/wp\/v2\/types\/page"}],"author":[{"embeddable":true,"href":"https:\/\/www.altimara.eu\/blog\/wp-json\/wp\/v2\/users\/3"}],"replies":[{"embeddable":true,"href":"https:\/\/www.altimara.eu\/blog\/wp-json\/wp\/v2\/comments?post=3033"}],"version-history":[{"count":0,"href":"https:\/\/www.altimara.eu\/blog\/wp-json\/wp\/v2\/pages\/3033\/revisions"}],"up":[{"embeddable":true,"href":"https:\/\/www.altimara.eu\/blog\/wp-json\/wp\/v2\/pages\/143"}],"wp:attachment":[{"href":"https:\/\/www.altimara.eu\/blog\/wp-json\/wp\/v2\/media?parent=3033"}],"curies":[{"name":"wp","href":"https:\/\/api.w.org\/{rel}","templated":true}]}}